{"id":1223,"date":"2022-07-11T10:03:11","date_gmt":"2022-07-11T08:03:11","guid":{"rendered":"https:\/\/dev.iebl.de\/?page_id=1223"},"modified":"2022-09-01T12:21:03","modified_gmt":"2022-09-01T10:21:03","slug":"startseite","status":"publish","type":"page","link":"https:\/\/dev.iebl.de\/","title":{"rendered":"Startseite"},"content":{"rendered":"\n<div class=\"wp-block-columns alignfull are-vertically-aligned-top is-layout-flex wp-container-core-columns-is-layout-d2ca7aa4 wp-block-columns-is-layout-flex\" id=\"Flex-Edit\">\n<div class=\"wp-block-column is-vertically-aligned-top is-layout-flow wp-block-column-is-layout-flow\" style=\"flex-basis:60.3%\" id=\"Remove-On-Mobile\">\n<div style=\"height:30px\" aria-hidden=\"true\" class=\"wp-block-spacer\"><\/div>\n\n\n\n<figure class=\"wp-block-image aligncenter size-large is-resized\"><img loading=\"lazy\" decoding=\"async\" src=\"https:\/\/dev.iebl.de\/wp-content\/uploads\/2022\/07\/os_neues_bild-1024x628.jpg\" alt=\"\" class=\"wp-image-1225\" width=\"867\" height=\"531\" srcset=\"https:\/\/dev.iebl.de\/wp-content\/uploads\/2022\/07\/os_neues_bild-1024x628.jpg 1024w, https:\/\/dev.iebl.de\/wp-content\/uploads\/2022\/07\/os_neues_bild-300x184.jpg 300w, https:\/\/dev.iebl.de\/wp-content\/uploads\/2022\/07\/os_neues_bild-768x471.jpg 768w, https:\/\/dev.iebl.de\/wp-content\/uploads\/2022\/07\/os_neues_bild-1536x942.jpg 1536w, https:\/\/dev.iebl.de\/wp-content\/uploads\/2022\/07\/os_neues_bild-2048x1256.jpg 2048w\" sizes=\"auto, (max-width: 867px) 100vw, 867px\" \/><\/figure>\n<\/div>\n\n\n\n<div class=\"wp-block-column is-vertically-aligned-top is-layout-flow wp-block-column-is-layout-flow\" style=\"padding-top:3%;padding-right:3%;padding-bottom:3%;padding-left:3%;flex-basis:39.3%\">\n<h2 class=\"wp-block-heading\"><strong>Willkommen.<\/strong><\/h2>\n\n\n\n<p class=\"has-ast-global-color-3-color has-text-color\" style=\"font-size:25px\"><strong>Unsere Leistungen im \u00dcberblick:<\/strong><\/p>\n\n\n\n<p class=\"has-ast-global-color-3-color has-text-color has-medium-font-size\"><strong>&gt;<\/strong><a class=\"IEBL-Welcome\" href=\"#Section1\"> Planung von Breitbandnetzen<\/a><\/p>\n\n\n\n<p class=\"has-ast-global-color-3-color has-text-color has-medium-font-size\"><strong>&gt;<\/strong><a class=\"IEBL-Welcome\" href=\"#Section2\"> IT-Konzepte und Beratung<\/a><\/p>\n\n\n\n<p class=\"has-ast-global-color-3-color has-text-color has-medium-font-size\"><strong>&gt;<\/strong><a class=\"IEBL-Welcome\" href=\"#Section3\"> Datenschutz<\/a><\/p>\n\n\n\n<p class=\"has-ast-global-color-3-color has-text-color has-medium-font-size\"><strong>&gt;<\/strong><a class=\"IEBL-Welcome\" href=\"#Section4\"> Individuelle Softwareentwicklung<\/a><\/p>\n\n\n\n<p class=\"has-ast-global-color-3-color has-text-color has-medium-font-size\"><strong>&gt;<\/strong><a class=\"IEBL-Welcome\" href=\"#Section5\"> Webhosting<\/a><\/p>\n\n\n\n<p class=\"has-ast-global-color-3-color has-text-color has-medium-font-size\"><strong>&gt;<\/strong><a class=\"IEBL-Welcome\" href=\"#Section6\"> eCommerce mit JTL<\/a><\/p>\n<\/div>\n<\/div>\n\n\n\n<div class=\"inherit-container-width wp-block-group alignwide has-ast-global-color-4-background-color has-background is-layout-constrained wp-container-core-group-is-layout-631e39c3 wp-block-group-is-layout-constrained\" style=\"padding-top:50px;padding-right:50px;padding-bottom:50px;padding-left:50px\"><div class=\"wp-block-group__inner-container\">\n<div class=\"wp-block-columns is-layout-flex wp-container-core-columns-is-layout-28f84493 wp-block-columns-is-layout-flex\">\n<div class=\"wp-block-column is-layout-flow wp-block-column-is-layout-flow\">\n<div class=\"wp-block-columns is-layout-flex wp-container-core-columns-is-layout-28f84493 wp-block-columns-is-layout-flex\">\n<div class=\"wp-block-column is-layout-flow wp-block-column-is-layout-flow\">\n<figure class=\"wp-block-image size-large\" style=\"border-radius:5px\"><img loading=\"lazy\" decoding=\"async\" width=\"1024\" height=\"603\" src=\"https:\/\/dev.iebl.de\/wp-content\/uploads\/2022\/03\/pexels-pixabay-53621-1024x603.jpg\" alt=\"\" class=\"wp-image-896\" srcset=\"https:\/\/dev.iebl.de\/wp-content\/uploads\/2022\/03\/pexels-pixabay-53621-1024x603.jpg 1024w, https:\/\/dev.iebl.de\/wp-content\/uploads\/2022\/03\/pexels-pixabay-53621-300x177.jpg 300w, https:\/\/dev.iebl.de\/wp-content\/uploads\/2022\/03\/pexels-pixabay-53621-768x452.jpg 768w, https:\/\/dev.iebl.de\/wp-content\/uploads\/2022\/03\/pexels-pixabay-53621-1536x905.jpg 1536w, https:\/\/dev.iebl.de\/wp-content\/uploads\/2022\/03\/pexels-pixabay-53621-2048x1206.jpg 2048w\" sizes=\"auto, (max-width: 1024px) 100vw, 1024px\" \/><\/figure>\n<\/div>\n\n\n\n<div class=\"wp-block-column is-layout-flow wp-block-column-is-layout-flow\">\n<p><strong>Ausschreibungs-<br>begleitung:<\/strong> Wir unterst\u00fctzen Sie bei Ausschreibungen des Bundesf\u00f6rderprogammes (BFP).<\/p>\n<\/div>\n<\/div>\n\n\n\n<div class=\"wp-block-columns is-layout-flex wp-container-core-columns-is-layout-28f84493 wp-block-columns-is-layout-flex\">\n<div class=\"wp-block-column is-layout-flow wp-block-column-is-layout-flow\">\n<figure class=\"wp-block-image size-large\" style=\"border-radius:5px\"><img loading=\"lazy\" decoding=\"async\" width=\"1024\" height=\"623\" src=\"https:\/\/dev.iebl.de\/wp-content\/uploads\/2022\/03\/pexels-pixabay-355948-3-1024x623.jpg\" alt=\"\" class=\"wp-image-794\" srcset=\"https:\/\/dev.iebl.de\/wp-content\/uploads\/2022\/03\/pexels-pixabay-355948-3-1024x623.jpg 1024w, https:\/\/dev.iebl.de\/wp-content\/uploads\/2022\/03\/pexels-pixabay-355948-3-300x182.jpg 300w, https:\/\/dev.iebl.de\/wp-content\/uploads\/2022\/03\/pexels-pixabay-355948-3-768x467.jpg 768w, https:\/\/dev.iebl.de\/wp-content\/uploads\/2022\/03\/pexels-pixabay-355948-3-1536x934.jpg 1536w, https:\/\/dev.iebl.de\/wp-content\/uploads\/2022\/03\/pexels-pixabay-355948-3-2048x1245.jpg 2048w\" sizes=\"auto, (max-width: 1024px) 100vw, 1024px\" \/><\/figure>\n<\/div>\n\n\n\n<div class=\"wp-block-column is-layout-flow wp-block-column-is-layout-flow\">\n<p><strong>Strukturplanung:<\/strong>   Flexible Planung die auch auf \u00c4nderungen schnell reagieren kann. Kostenermittlung inklusive.<\/p>\n<\/div>\n<\/div>\n\n\n\n<div class=\"wp-block-columns is-layout-flex wp-container-core-columns-is-layout-28f84493 wp-block-columns-is-layout-flex\">\n<div class=\"wp-block-column is-layout-flow wp-block-column-is-layout-flow\">\n<figure class=\"wp-block-image size-large\" style=\"border-radius:5px\"><img loading=\"lazy\" decoding=\"async\" width=\"1024\" height=\"683\" src=\"https:\/\/dev.iebl.de\/wp-content\/uploads\/2022\/03\/fiber-optic-cable-gce3f09a3e_1920-1024x683.jpg\" alt=\"\" class=\"wp-image-889\" srcset=\"https:\/\/dev.iebl.de\/wp-content\/uploads\/2022\/03\/fiber-optic-cable-gce3f09a3e_1920-1024x683.jpg 1024w, https:\/\/dev.iebl.de\/wp-content\/uploads\/2022\/03\/fiber-optic-cable-gce3f09a3e_1920-300x200.jpg 300w, https:\/\/dev.iebl.de\/wp-content\/uploads\/2022\/03\/fiber-optic-cable-gce3f09a3e_1920-768x512.jpg 768w, https:\/\/dev.iebl.de\/wp-content\/uploads\/2022\/03\/fiber-optic-cable-gce3f09a3e_1920-1536x1024.jpg 1536w, https:\/\/dev.iebl.de\/wp-content\/uploads\/2022\/03\/fiber-optic-cable-gce3f09a3e_1920.jpg 1920w\" sizes=\"auto, (max-width: 1024px) 100vw, 1024px\" \/><\/figure>\n<\/div>\n\n\n\n<div class=\"wp-block-column is-layout-flow wp-block-column-is-layout-flow\">\n<p><strong>FTTX Tools:<\/strong> Unsere Eigenentwicklungen erm\u00f6glichen uns effizientes Arbeiten. <\/p>\n<\/div>\n<\/div>\n<\/div>\n\n\n\n<div class=\"wp-block-column is-layout-flow wp-block-column-is-layout-flow\" id=\"Section1\">\n<div style=\"height:39px\" aria-hidden=\"true\" class=\"wp-block-spacer\"><\/div>\n\n\n\n<h2 class=\"has-text-align-center wp-block-heading\">Breitbandausbau<\/h2>\n\n\n\n<figure class=\"wp-block-image aligncenter size-large is-resized\" style=\"border-radius:5px\"><img loading=\"lazy\" decoding=\"async\" src=\"https:\/\/dev.iebl.de\/wp-content\/uploads\/2022\/06\/technology-g94a495fa9_1920-2-1024x683.jpg\" alt=\"\" class=\"wp-image-1065\" width=\"399\" height=\"266\" srcset=\"https:\/\/dev.iebl.de\/wp-content\/uploads\/2022\/06\/technology-g94a495fa9_1920-2-1024x683.jpg 1024w, https:\/\/dev.iebl.de\/wp-content\/uploads\/2022\/06\/technology-g94a495fa9_1920-2-300x200.jpg 300w, https:\/\/dev.iebl.de\/wp-content\/uploads\/2022\/06\/technology-g94a495fa9_1920-2-768x512.jpg 768w, https:\/\/dev.iebl.de\/wp-content\/uploads\/2022\/06\/technology-g94a495fa9_1920-2-1536x1025.jpg 1536w, https:\/\/dev.iebl.de\/wp-content\/uploads\/2022\/06\/technology-g94a495fa9_1920-2.jpg 1920w\" sizes=\"auto, (max-width: 399px) 100vw, 399px\" \/><\/figure>\n\n\n\n<p class=\"has-text-align-center\">Interesse geweckt? Nehmen Sie Kontakt auf.<\/p>\n\n\n\n<div class=\"wp-block-buttons is-content-justification-center is-layout-flex wp-container-core-buttons-is-layout-a89b3969 wp-block-buttons-is-layout-flex\">\n<div class=\"wp-block-button\"><a href=\"https:\/\/dev.iebl.de\/index.php\/breitbandausbau\/\" class=\"wp-block-button__link iebl-button\">Mehr erfahren<\/a><\/div>\n<\/div>\n<\/div>\n<\/div>\n<\/div><\/div>\n\n\n\n<div class=\"inherit-container-width wp-block-group alignfull has-ast-global-color-4-background-color has-background is-layout-constrained wp-block-group-is-layout-constrained\" id=\"Section2\"><div class=\"wp-block-group__inner-container\">\n<div class=\"wp-block-columns is-layout-flex wp-container-core-columns-is-layout-28f84493 wp-block-columns-is-layout-flex\">\n<div class=\"wp-block-column is-layout-flow wp-block-column-is-layout-flow\">\n<div class=\"wp-block-columns alignwide are-vertically-aligned-top is-layout-flex wp-container-core-columns-is-layout-28f84493 wp-block-columns-is-layout-flex\">\n<div class=\"wp-block-column is-vertically-aligned-top is-layout-flow wp-block-column-is-layout-flow\">\n<div class=\"inherit-container-width wp-block-group alignfull has-ast-global-color-5-background-color has-background is-layout-constrained wp-block-group-is-layout-constrained\"><div class=\"wp-block-group__inner-container\">\n<h5 class=\"has-text-align-center has-ast-global-color-2-color has-text-color wp-block-heading\">Ein Ansprechpartner<\/h5>\n\n\n\n<p class=\"has-text-align-center has-ast-global-color-3-color has-text-color\">Unsere Mitarbeiter haben jahrelange Erfahrung in verschiendenen Projekten gesammelt.<\/p>\n\n\n\n<p class=\"has-text-align-center has-ast-global-color-3-color has-text-color\">Es gibt nichts, was es nicht gibt.<\/p>\n<\/div><\/div>\n<\/div>\n<\/div>\n\n\n\n<div class=\"wp-block-columns alignwide are-vertically-aligned-top is-layout-flex wp-container-core-columns-is-layout-28f84493 wp-block-columns-is-layout-flex\">\n<div class=\"wp-block-column is-vertically-aligned-top is-layout-flow wp-block-column-is-layout-flow\">\n<div class=\"inherit-container-width wp-block-group alignfull has-ast-global-color-5-background-color has-background is-layout-constrained wp-block-group-is-layout-constrained\"><div class=\"wp-block-group__inner-container\">\n<h5 class=\"has-text-align-center has-ast-global-color-2-color has-text-color wp-block-heading\">Gehen Sie mit der Zeit. Mit Uns.<\/h5>\n\n\n\n<p class=\"has-text-align-center has-ast-global-color-3-color has-text-color\">Profitieren Sie von technischen Entwicklungen durch unsere ma\u00dfgeschneiderten IT-Konzepte von unseren Experten.<\/p>\n<\/div><\/div>\n<\/div>\n<\/div>\n<\/div>\n\n\n\n<div class=\"wp-block-column is-layout-flow wp-block-column-is-layout-flow\">\n<div style=\"height:100px\" aria-hidden=\"true\" class=\"wp-block-spacer\"><\/div>\n\n\n\n<h2 class=\"has-text-align-center has-ast-global-color-2-color has-text-color wp-block-heading\"><a href=\"#Section2\">IT-Konzepte und Beratung<\/a><\/h2>\n\n\n\n<h5 class=\"has-text-align-center has-ast-global-color-2-color has-text-color wp-block-heading\">Unsere St\u00e4rken.<\/h5>\n\n\n\n<div class=\"wp-block-buttons is-content-justification-center is-layout-flex wp-container-core-buttons-is-layout-a89b3969 wp-block-buttons-is-layout-flex\">\n<div class=\"wp-block-button\"><a href=\"https:\/\/dev.iebl.de\/index.php\/it-konzepte-und-beratung\/\" class=\"wp-block-button__link iebl-button\">Mehr Erfahren<\/a><\/div>\n<\/div>\n<\/div>\n<\/div>\n<\/div><\/div>\n\n\n\n<div class=\"inherit-container-width wp-block-group alignwide has-ast-global-color-4-background-color has-background is-layout-constrained wp-block-group-is-layout-constrained\" id=\"Section3\"><div class=\"wp-block-group__inner-container\">\n<div class=\"wp-block-columns are-vertically-aligned-center is-layout-flex wp-container-core-columns-is-layout-28f84493 wp-block-columns-is-layout-flex\">\n<div class=\"wp-block-column is-layout-flow wp-block-column-is-layout-flow\">\n<blockquote class=\"wp-block-quote is-layout-flow wp-block-quote-is-layout-flow\"><p>A:&#8220;Kennst Du einen guten Datenschutzberater?&#8220;<\/p><p>B:&#8220;Ja.&#8220;<\/p><p>A:&#8220;Kannst du mir seine Email geben?&#8220;<\/p><p>B:&#8220;Nein&#8220;<\/p><\/blockquote>\n<\/div>\n\n\n\n<div class=\"wp-block-column is-layout-flow wp-block-column-is-layout-flow\">\n<h1 class=\"has-text-align-center has-ast-global-color-2-color has-ast-global-color-4-background-color has-text-color has-background wp-block-heading\" style=\"font-size:26px\">Datenschutz: Wird bei uns GRO\u00df geschrieben!<\/h1>\n\n\n\n<p class=\"has-text-align-center\"><strong>Unsere zertifizerten<\/strong> <strong>Datenschutzbeauftragten begleiten Sie sicher bei allen Fragen rund um den Datenschutz<\/strong>.<\/p>\n\n\n\n<div class=\"wp-block-buttons is-content-justification-center is-layout-flex wp-container-core-buttons-is-layout-72caf8c6 wp-block-buttons-is-layout-flex\">\n<div class=\"wp-block-button\"><a href=\"https:\/\/dev.iebl.de\/index.php\/datenschutz\/\" class=\"wp-block-button__link iebl-button\">Mehr Erfahren<\/a><\/div>\n<\/div>\n<\/div>\n<\/div>\n<\/div><\/div>\n\n\n\n<div class=\"inherit-container-width wp-block-group alignwide has-ast-global-color-4-background-color has-background is-layout-constrained wp-container-core-group-is-layout-631e39c3 wp-block-group-is-layout-constrained\" id=\"Section4\" style=\"padding-top:50px;padding-right:50px;padding-bottom:50px;padding-left:50px\"><div class=\"wp-block-group__inner-container\">\n<div class=\"wp-block-columns is-layout-flex wp-container-core-columns-is-layout-28f84493 wp-block-columns-is-layout-flex\">\n<div class=\"wp-block-column is-layout-flow wp-block-column-is-layout-flow\">\n<figure class=\"wp-block-image aligncenter size-large\"><img loading=\"lazy\" decoding=\"async\" width=\"1024\" height=\"684\" src=\"https:\/\/dev.iebl.de\/wp-content\/uploads\/2022\/07\/pexels-christina-morillo-1181675-1024x684.jpg\" alt=\"\" class=\"wp-image-1917\" srcset=\"https:\/\/dev.iebl.de\/wp-content\/uploads\/2022\/07\/pexels-christina-morillo-1181675-1024x684.jpg 1024w, https:\/\/dev.iebl.de\/wp-content\/uploads\/2022\/07\/pexels-christina-morillo-1181675-300x200.jpg 300w, https:\/\/dev.iebl.de\/wp-content\/uploads\/2022\/07\/pexels-christina-morillo-1181675-768x513.jpg 768w, https:\/\/dev.iebl.de\/wp-content\/uploads\/2022\/07\/pexels-christina-morillo-1181675-1536x1025.jpg 1536w, https:\/\/dev.iebl.de\/wp-content\/uploads\/2022\/07\/pexels-christina-morillo-1181675-2048x1367.jpg 2048w\" sizes=\"auto, (max-width: 1024px) 100vw, 1024px\" \/><\/figure>\n<\/div>\n\n\n\n<div class=\"wp-block-column is-layout-flow wp-block-column-is-layout-flow\">\n<h2 class=\"wp-block-heading\">Individuelle Softwareentwicklung<\/h2>\n\n\n\n<p>Ma\u00dfgeschneiderte L\u00f6sungen f\u00fcr alle Herausforderungen im Gesch\u00e4ftsalltag. Profitieren Sie von der Arbeit                                 unserer erfahrenen Entwickler.<\/p>\n\n\n\n<p>Neben weiteren Themenfeldern, decken wir die folgenden ab:<\/p>\n\n\n\n<div class=\"wp-block-columns is-layout-flex wp-container-core-columns-is-layout-28f84493 wp-block-columns-is-layout-flex\">\n<div class=\"wp-block-column is-layout-flow wp-block-column-is-layout-flow\">\n<ul class=\"wp-block-list\"><li>Webentwicklung<\/li><li>Verwaltungsanwendungen<\/li><\/ul>\n<\/div>\n\n\n\n<div class=\"wp-block-column is-layout-flow wp-block-column-is-layout-flow\">\n<ul class=\"wp-block-list\"><li>Datenbanken<\/li><li>Plug-Ins\/Erweiterungen<\/li><\/ul>\n<\/div>\n<\/div>\n\n\n\n<div class=\"wp-block-buttons is-content-justification-center is-layout-flex wp-container-core-buttons-is-layout-a89b3969 wp-block-buttons-is-layout-flex\">\n<div class=\"wp-block-button\"><a href=\"https:\/\/dev.iebl.de\/index.php\/individuelle-softwareentwicklung\/\" class=\"wp-block-button__link iebl-button\">Mehr Erfahren<\/a><\/div>\n<\/div>\n<\/div>\n<\/div>\n<\/div><\/div>\n\n\n\n<div class=\"inherit-container-width wp-block-group alignwide has-ast-global-color-4-background-color has-background is-layout-constrained wp-block-group-is-layout-constrained\" id=\"Section5\"><div class=\"wp-block-group__inner-container\">\n<div class=\"wp-block-columns alignwide is-layout-flex wp-container-core-columns-is-layout-28f84493 wp-block-columns-is-layout-flex\">\n<div class=\"wp-block-column is-layout-flow wp-block-column-is-layout-flow\">\n<figure class=\"wp-block-image alignleft size-full is-resized\"><img decoding=\"async\" src=\"https:\/\/dev.iebl.de\/wp-content\/uploads\/2022\/07\/webentwicklung-website.png\" alt=\"\" class=\"wp-image-1642\" height=\"400\" srcset=\"https:\/\/dev.iebl.de\/wp-content\/uploads\/2022\/07\/webentwicklung-website.png 600w, https:\/\/dev.iebl.de\/wp-content\/uploads\/2022\/07\/webentwicklung-website-300x232.png 300w\" sizes=\"(max-width: 600px) 100vw, 600px\" \/><\/figure>\n<\/div>\n\n\n\n<div class=\"wp-block-column is-layout-flow wp-block-column-is-layout-flow\">\n<h2 class=\"wp-block-heading\">Webhosting<\/h2>\n\n\n\n<p>Unser Angebot f\u00fcr unserer Kunden deckt die folgenden Punkte ab:<\/p>\n\n\n\n<ul class=\"wp-block-list\"><li><strong>Aus einer Hand:<\/strong> Email, Domain, Datenbank und Websitehosting<\/li><li><strong>Faire Konditionen:<\/strong> Keine versteckten Kosten<\/li><li><strong>Sicherer Hafen: <\/strong>Nur Serverstandorte in Datenschutzfreundlichen Gebieten<\/li><li><strong>Auf der H\u00f6he der Zeit:<\/strong> Moderne Infrastrukturen durch etablierte Partner<\/li><\/ul>\n\n\n\n<p><\/p>\n\n\n\n<p><\/p>\n\n\n\n<div class=\"wp-block-buttons is-content-justification-center is-layout-flex wp-container-core-buttons-is-layout-a89b3969 wp-block-buttons-is-layout-flex\">\n<div class=\"wp-block-button\"><a href=\"https:\/\/dev.iebl.de\/index.php\/webhosting\/ \"class=\"wp-block-button__link iebl-button\">Anfrage Senden<\/a><\/div>\n<\/div>\n<\/div>\n<\/div>\n<\/div><\/div>\n\n\n\n<div class=\"inherit-container-width wp-block-group alignwide has-ast-global-color-4-background-color has-background is-layout-constrained wp-container-core-group-is-layout-631e39c3 wp-block-group-is-layout-constrained\" id=\"Section6\" style=\"padding-top:50px;padding-right:50px;padding-bottom:50px;padding-left:50px\"><div class=\"wp-block-group__inner-container\">\n<div class=\"wp-block-columns alignwide is-layout-flex wp-container-core-columns-is-layout-28f84493 wp-block-columns-is-layout-flex\">\n<div class=\"wp-block-column is-layout-flow wp-block-column-is-layout-flow\">\n<figure class=\"wp-block-image aligncenter size-large is-resized\" style=\"border-radius:5px\"><img loading=\"lazy\" decoding=\"async\" src=\"https:\/\/dev.iebl.de\/wp-content\/uploads\/2022\/07\/iebl_jtl-982x1024.png\" alt=\"\" class=\"wp-image-1868\" width=\"352\" height=\"367\" srcset=\"https:\/\/dev.iebl.de\/wp-content\/uploads\/2022\/07\/iebl_jtl-982x1024.png 982w, https:\/\/dev.iebl.de\/wp-content\/uploads\/2022\/07\/iebl_jtl-288x300.png 288w, https:\/\/dev.iebl.de\/wp-content\/uploads\/2022\/07\/iebl_jtl-768x801.png 768w, https:\/\/dev.iebl.de\/wp-content\/uploads\/2022\/07\/iebl_jtl.png 1024w\" sizes=\"auto, (max-width: 352px) 100vw, 352px\" \/><\/figure>\n<\/div>\n\n\n\n<div class=\"wp-block-column is-layout-flow wp-block-column-is-layout-flow\">\n<h2 class=\"has-text-align-left wp-block-heading\">eCommerce mit JTL<\/h2>\n\n\n\n<p>Wir unterst\u00fctzen Sie im Umgang mit dem ERP-System &amp; E-Commerce-L\u00f6sungen von JTL.<\/p>\n\n\n\n<ul class=\"wp-block-list\"><li>Zertifizierter Servicepartner von JTL Software<\/li><li>Individuelle Entwicklung von Erweiterungen<\/li><li>Beratung und Projektbegleitung<\/li><li>Individuelle Anpassungen<\/li><li>Langj\u00e4hrige Erfahrung<\/li><\/ul>\n\n\n\n<p><strong>Eine Idee? Wir sind ihr Anprechpartner<\/strong>.<\/p>\n\n\n\n<div class=\"wp-block-buttons is-content-justification-center is-layout-flex wp-container-core-buttons-is-layout-a89b3969 wp-block-buttons-is-layout-flex\">\n<div class=\"wp-block-button\"><a href=\"https:\/\/dev.iebl.de\/index.php\/ecommerce-mit-jtl\/\" class=\"wp-block-button__link iebl-button\">Anfrage Senden<\/a><\/div>\n<\/div>\n<\/div>\n<\/div>\n<\/div><\/div>\n\n\n\n<div class=\"inherit-container-width wp-block-group alignwide has-ast-global-color-4-background-color has-background is-layout-constrained wp-container-core-group-is-layout-631e39c3 wp-block-group-is-layout-constrained\" style=\"padding-top:50px;padding-right:50px;padding-bottom:50px;padding-left:50px\"><div class=\"wp-block-group__inner-container\">\n<div class=\"wp-block-columns is-layout-flex wp-container-core-columns-is-layout-28f84493 wp-block-columns-is-layout-flex\">\n<div class=\"wp-block-column is-layout-flow wp-block-column-is-layout-flow\">\n<figure class=\"wp-block-image size-large\"><img loading=\"lazy\" decoding=\"async\" width=\"1024\" height=\"683\" src=\"https:\/\/dev.iebl.de\/wp-content\/uploads\/2022\/03\/volunteer-gd1af0738f_1920-1024x683.png\" alt=\"\" class=\"wp-image-830\" srcset=\"https:\/\/dev.iebl.de\/wp-content\/uploads\/2022\/03\/volunteer-gd1af0738f_1920-1024x683.png 1024w, https:\/\/dev.iebl.de\/wp-content\/uploads\/2022\/03\/volunteer-gd1af0738f_1920-300x200.png 300w, https:\/\/dev.iebl.de\/wp-content\/uploads\/2022\/03\/volunteer-gd1af0738f_1920-768x512.png 768w, https:\/\/dev.iebl.de\/wp-content\/uploads\/2022\/03\/volunteer-gd1af0738f_1920-1536x1024.png 1536w, https:\/\/dev.iebl.de\/wp-content\/uploads\/2022\/03\/volunteer-gd1af0738f_1920.png 1920w\" sizes=\"auto, (max-width: 1024px) 100vw, 1024px\" \/><\/figure>\n<\/div>\n\n\n\n<div class=\"wp-block-column is-layout-flow wp-block-column-is-layout-flow\">\n<h2 class=\"wp-block-heading\">Unsere Verwaltungssoftware rund um die Freiwilligendienste<\/h2>\n\n\n\n<p>SocialOrga ist eine Eigenentwicklung und bietet Anbietern von Freiwilligendiensten verschiedene Module zur schnelleren und unkomplizierten Erledigung der anfallenden Aufgaben. <\/p>\n\n\n\n<ul class=\"wp-block-list\"><li><strong>OnlineSeminarportal:<\/strong> \u00dcbersichtliche Planung, Verwaltung und Buchung von Seminaren<\/li><li><strong>Stellenb\u00f6rse:<\/strong> Offene Stellen schnell und einfach Verwalten und ver\u00f6ffentlichen<\/li><li><strong>Onlinebewerbung:<\/strong> Unkompilizierte Datenerfassung von Bewerbenden durch Individuell anpassbares Bewerbungsformular<\/li><li><strong>Dokumentenvorlagesystem<\/strong>: Verwaltungsoberfl\u00e4che f\u00fcr einheitliche Vorlagen mit integrierter Benutzer- und Rechteverwaltung<\/li><\/ul>\n\n\n\n<div class=\"wp-block-buttons is-content-justification-center is-layout-flex wp-container-core-buttons-is-layout-a89b3969 wp-block-buttons-is-layout-flex\">\n<div class=\"wp-block-button\"><a class=\"wp-block-button__link iebl-button\" href=\"https:\/\/socialorga.de\/\" target=\"_blank\" rel=\"noopener\">Mehr Erfahren<\/a><\/div>\n<\/div>\n<\/div>\n<\/div>\n<\/div><\/div>\n","protected":false},"excerpt":{"rendered":"<p>Willkommen. Unsere Leistungen im \u00dcberblick: &gt; Planung von Breitbandnetzen &gt; IT-Konzepte und Beratung &gt; Datenschutz &gt; Individuelle Softwareentwicklung &gt; Webhosting &gt; eCommerce mit JTL Ausschreibungs-begleitung: Wir unterst\u00fctzen Sie bei Ausschreibungen des Bundesf\u00f6rderprogammes (BFP). Strukturplanung: Flexible Planung die auch auf \u00c4nderungen schnell reagieren kann. Kostenermittlung inklusive. FTTX Tools: Unsere Eigenentwicklungen erm\u00f6glichen uns effizientes Arbeiten. Breitbandausbau Interesse &hellip;<\/p>\n<p class=\"read-more\"> <a class=\"\" href=\"https:\/\/dev.iebl.de\/\"> <span class=\"screen-reader-text\">Startseite<\/span> Weiterlesen &raquo;<\/a><\/p>\n","protected":false},"author":2,"featured_media":0,"parent":0,"menu_order":1,"comment_status":"closed","ping_status":"closed","template":"","meta":{"site-sidebar-layout":"default","site-content-layout":"page-builder","ast-global-header-display":"","ast-main-header-display":"","ast-hfb-above-header-display":"","ast-hfb-below-header-display":"","ast-hfb-mobile-header-display":"","site-post-title":"disabled","ast-breadcrumbs-content":"","ast-featured-img":"","footer-sml-layout":"","theme-transparent-header-meta":"","adv-header-id-meta":"","stick-header-meta":"","header-above-stick-meta":"","header-main-stick-meta":"","header-below-stick-meta":"","footnotes":""},"class_list":["post-1223","page","type-page","status-publish","hentry"],"_links":{"self":[{"href":"https:\/\/dev.iebl.de\/index.php\/wp-json\/wp\/v2\/pages\/1223","targetHints":{"allow":["GET"]}}],"collection":[{"href":"https:\/\/dev.iebl.de\/index.php\/wp-json\/wp\/v2\/pages"}],"about":[{"href":"https:\/\/dev.iebl.de\/index.php\/wp-json\/wp\/v2\/types\/page"}],"author":[{"embeddable":true,"href":"https:\/\/dev.iebl.de\/index.php\/wp-json\/wp\/v2\/users\/2"}],"replies":[{"embeddable":true,"href":"https:\/\/dev.iebl.de\/index.php\/wp-json\/wp\/v2\/comments?post=1223"}],"version-history":[{"count":325,"href":"https:\/\/dev.iebl.de\/index.php\/wp-json\/wp\/v2\/pages\/1223\/revisions"}],"predecessor-version":[{"id":2137,"href":"https:\/\/dev.iebl.de\/index.php\/wp-json\/wp\/v2\/pages\/1223\/revisions\/2137"}],"wp:attachment":[{"href":"https:\/\/dev.iebl.de\/index.php\/wp-json\/wp\/v2\/media?parent=1223"}],"curies":[{"name":"wp","href":"https:\/\/api.w.org\/{rel}","templated":true}]}}