{"id":1049,"date":"2022-06-09T14:11:12","date_gmt":"2022-06-09T12:11:12","guid":{"rendered":"https:\/\/dev.iebl.de\/?page_id=1049"},"modified":"2022-07-19T08:07:58","modified_gmt":"2022-07-19T06:07:58","slug":"breitbandausbau","status":"publish","type":"page","link":"https:\/\/dev.iebl.de\/index.php\/breitbandausbau\/","title":{"rendered":"Breitbandausbau"},"content":{"rendered":"\n<div class=\"wp-block-cover is-light has-custom-content-position is-position-bottom-right\" style=\"min-height:460px;aspect-ratio:unset;\"><span aria-hidden=\"true\" class=\"wp-block-cover__background has-background-dim-0 has-background-dim\"><\/span><img loading=\"lazy\" decoding=\"async\" width=\"1920\" height=\"1280\" class=\"wp-block-cover__image-background wp-image-889\" alt=\"\" src=\"https:\/\/dev.iebl.de\/wp-content\/uploads\/2022\/03\/fiber-optic-cable-gce3f09a3e_1920.jpg\" style=\"object-position:39% 49%\" data-object-fit=\"cover\" data-object-position=\"39% 49%\" srcset=\"https:\/\/dev.iebl.de\/wp-content\/uploads\/2022\/03\/fiber-optic-cable-gce3f09a3e_1920.jpg 1920w, https:\/\/dev.iebl.de\/wp-content\/uploads\/2022\/03\/fiber-optic-cable-gce3f09a3e_1920-300x200.jpg 300w, https:\/\/dev.iebl.de\/wp-content\/uploads\/2022\/03\/fiber-optic-cable-gce3f09a3e_1920-1024x683.jpg 1024w, https:\/\/dev.iebl.de\/wp-content\/uploads\/2022\/03\/fiber-optic-cable-gce3f09a3e_1920-768x512.jpg 768w, https:\/\/dev.iebl.de\/wp-content\/uploads\/2022\/03\/fiber-optic-cable-gce3f09a3e_1920-1536x1024.jpg 1536w\" sizes=\"auto, (max-width: 1920px) 100vw, 1920px\" \/><div class=\"wp-block-cover__inner-container is-layout-flow wp-block-cover-is-layout-flow\">\n<p class=\"has-ast-global-color-8-color has-text-color has-large-font-size\">Ihr Partner im Breitbandausbau  <\/p>\n<\/div><\/div>\n\n\n\n<p class=\"has-ast-global-color-8-color has-text-color\">In den letzten Jahren hat es im Bereich Breitbandinternet eine rasante Entwicklung gegeben. F\u00fcr das t\u00e4gliche Leben, privat oder gewerblich, wird ein schneller Internetzugang immer wichtiger.<\/p>\n\n\n\n<p class=\"has-ast-global-color-8-color has-text-color\">Die Zukunft zeigt, dass es in diesem Bereich keinen Stillstand geben darf. Die Bundesregierung hatte als Ziel ausgegeben, das bis 2014 f\u00fcr 75 Prozent der Haushalte Anschl\u00fcsse mit \u00dcbertragungsraten von mindestens 50 Megabit pro Sekunde fl\u00e4chendeckend zur Verf\u00fcgung stehen sollen, bis 2018 sogar 100%<\/p>\n\n\n\n<div class=\"wp-block-columns is-layout-flex wp-container-core-columns-is-layout-28f84493 wp-block-columns-is-layout-flex\">\n<div class=\"wp-block-column is-layout-flow wp-block-column-is-layout-flow\">\n<p class=\"has-ast-global-color-8-color has-text-color\">Heute muss der Grundstein f\u00fcr das Glasfasernetz von morgen gelegt werden. Deshalb m\u00fcssen die L\u00f6sungen in kommunalen Bereich nachhaltig und zukunftssicher gestaltet werden. Denn alle Ziele, die die Bundesregierung ausgerufen hat, k\u00f6nnen ohne einen Gigabit-Anschluss nicht realisiert werden. Ohne eine fl\u00e4chendeckende Glasfaserversorgung wird es keine Mobilfunkgeneration 5G geben, auch das autonome Fahren wird ohne einen Glasfaseranschluss nicht zu realisieren sein.<\/p>\n<\/div>\n<\/div>\n\n\n\n<div class=\"wp-block-columns is-layout-flex wp-container-core-columns-is-layout-28f84493 wp-block-columns-is-layout-flex\">\n<div class=\"wp-block-column is-layout-flow wp-block-column-is-layout-flow\" style=\"flex-basis:25%\">\n<p class=\"has-text-align-center has-ast-global-color-8-color has-text-color has-medium-font-size\">Unsere Partner<\/p>\n\n\n\n<div class=\"wp-block-columns is-layout-flex wp-container-core-columns-is-layout-28f84493 wp-block-columns-is-layout-flex\">\n<div class=\"wp-block-column is-layout-flow wp-block-column-is-layout-flow\"><\/div>\n<\/div>\n<\/div>\n\n\n\n<div class=\"wp-block-column is-layout-flow wp-block-column-is-layout-flow\" style=\"flex-basis:50%\">\n<p class=\"has-text-align-center has-ast-global-color-8-color has-text-color\">Erfahrungen aus \u00fcber <strong>45<\/strong> Breitbandprojekten erm\u00f6glicht es uns, auch f\u00fcr Ihre Gemeinde eine passende L\u00f6sung zu erarbeiten, um die \u201ewei\u00dfen Flecken\u201c zukunftssicher zu schlie\u00dfen.<\/p>\n\n\n\n<figure class=\"wp-block-image size-full is-resized\"><img loading=\"lazy\" decoding=\"async\" src=\"https:\/\/dev.iebl.de\/wp-content\/uploads\/2022\/03\/cropped-cropped-cropped-logo_75px-1-2.png\" alt=\"\" class=\"wp-image-761\" width=\"450\" height=\"432\"\/><figcaption>Platzhalterbild<\/figcaption><\/figure>\n<\/div>\n\n\n\n<div class=\"wp-block-column is-layout-flow wp-block-column-is-layout-flow\" style=\"flex-basis:25%\">\n<p class=\"has-text-align-center has-medium-font-size\">Unsere Projekte<\/p>\n\n\n\n<div class=\"wp-block-columns is-layout-flex wp-container-core-columns-is-layout-28f84493 wp-block-columns-is-layout-flex\">\n<div class=\"wp-block-column is-layout-flow wp-block-column-is-layout-flow\">\n<p>Projekt 1<\/p>\n\n\n\n<p>Projekt 2<\/p>\n<\/div>\n<\/div>\n<\/div>\n<\/div>\n\n\n\n<div class=\"inherit-container-width wp-block-group alignfull has-ast-global-color-5-background-color has-background is-layout-constrained wp-block-group-is-layout-constrained\"><div class=\"wp-block-group__inner-container\">\n<h4 class=\"has-text-align-center has-ast-global-color-2-color has-text-color wp-block-heading\">Unsere Services<\/h4>\n\n\n\n<hr class=\"wp-block-separator alignfull has-alpha-channel-opacity\"\/>\n\n\n\n<div class=\"wp-block-columns alignwide is-layout-flex wp-container-core-columns-is-layout-28f84493 wp-block-columns-is-layout-flex\">\n<div class=\"wp-block-column is-layout-flow wp-block-column-is-layout-flow\">\n<div class=\"inherit-container-width wp-block-group is-layout-constrained wp-block-group-is-layout-constrained\"><div class=\"wp-block-group__inner-container\">\n<figure class=\"wp-block-image aligncenter size-thumbnail is-resized is-style-rounded\"><img loading=\"lazy\" decoding=\"async\" src=\"https:\/\/dev.iebl.de\/wp-content\/uploads\/2022\/03\/pexels-pixabay-53621-150x150.jpg\" alt=\"\" class=\"wp-image-896\" width=\"150\" height=\"150\"\/><\/figure>\n\n\n\n<h4 class=\"has-text-align-center has-medium-font-size wp-block-heading\"><strong>Ausschreibungsbegleitung<\/strong><\/h4>\n\n\n\n<p class=\"has-text-align-left has-ast-global-color-8-color has-text-color\" style=\"font-size:16px;line-height:1.5\">Wir begleiten Sie bei den Bundesf\u00f6rderprogamm (BFP) Ausschreibungen nach GAK oder EFRE. Wir projektieren aber auch L\u00f6sungen, die ohne \u00f6ffentliche F\u00f6rderungen auskommen.     <\/p>\n\n\n\n<p><\/p>\n<\/div><\/div>\n<\/div>\n\n\n\n<div class=\"wp-block-column is-layout-flow wp-block-column-is-layout-flow\">\n<div class=\"inherit-container-width wp-block-group has-medium-font-size is-layout-constrained wp-block-group-is-layout-constrained\"><div class=\"wp-block-group__inner-container\">\n<figure class=\"wp-block-image aligncenter size-thumbnail is-style-rounded\" style=\"border-radius:0px\"><img loading=\"lazy\" decoding=\"async\" width=\"150\" height=\"150\" src=\"https:\/\/dev.iebl.de\/wp-content\/uploads\/2022\/03\/service-thumb-2-150x150.jpg\" alt=\"\" class=\"wp-image-884\" srcset=\"https:\/\/dev.iebl.de\/wp-content\/uploads\/2022\/03\/service-thumb-2-150x150.jpg 150w, https:\/\/dev.iebl.de\/wp-content\/uploads\/2022\/03\/service-thumb-2.jpg 300w\" sizes=\"auto, (max-width: 150px) 100vw, 150px\" \/><\/figure>\n\n\n\n<h4 class=\"has-text-align-center has-ast-global-color-2-color has-text-color has-medium-font-size wp-block-heading\"><strong>Strukturplanung<\/strong><\/h4>\n\n\n\n<p class=\"has-text-align-left has-ast-global-color-8-color has-text-color\" style=\"font-size:16px;line-height:1.5\">Eine Strukturplanung lebt. Das haben wir bei unseren bisherigen Planungen immer wieder erleben d\u00fcrfen. Hier gilt es, immer auf dem neuesten Stand zu sein und \u00c4nderungen ohne gro\u00dfen Aufwand einpflegen zu k\u00f6nnen. Kostenermittlung inklusive.<\/p>\n<\/div><\/div>\n<\/div>\n<\/div>\n<\/div><\/div>\n\n\n\n<hr class=\"wp-block-separator alignfull has-alpha-channel-opacity is-style-wide\"\/>\n\n\n\n<div class=\"inherit-container-width wp-block-group alignfull has-ast-global-color-5-background-color has-background is-layout-constrained wp-block-group-is-layout-constrained\"><div class=\"wp-block-group__inner-container\">\n<h4 class=\"has-text-align-center has-ast-global-color-2-color has-text-color wp-block-heading\">Unsere Tools<\/h4>\n\n\n\n<div class=\"wp-block-columns alignwide is-layout-flex wp-container-core-columns-is-layout-28f84493 wp-block-columns-is-layout-flex\">\n<div class=\"wp-block-column is-layout-flow wp-block-column-is-layout-flow\">\n<figure class=\"wp-block-image aligncenter size-thumbnail is-style-rounded\"><img loading=\"lazy\" decoding=\"async\" width=\"150\" height=\"150\" src=\"https:\/\/dev.iebl.de\/wp-content\/uploads\/2022\/06\/fttx_tool_work_screen_1-150x150.png\" alt=\"\" class=\"wp-image-1076\"\/><\/figure>\n\n\n\n<h4 class=\"has-text-align-center wp-block-heading\">FTTx-Tool<\/h4>\n\n\n\n<p class=\"has-text-align-left has-ast-global-color-8-color has-text-color\" style=\"font-size:16px\">Um diese Flexibilit\u00e4t immer gew\u00e4hren zu k\u00f6nnen, haben wir unser eigenes FTTx-TOOL entwickelt. Wir sind mit diesem Tool in der Lage, schnell und pr\u00e4zise auf alle \u00c4nderungen reagieren und unseren Kunden stets den aktuellen Stand der Planungen pr\u00e4sentieren zu k\u00f6nnen. <\/p>\n<\/div>\n\n\n\n<div class=\"wp-block-column is-layout-flow wp-block-column-is-layout-flow\">\n<figure class=\"wp-block-image aligncenter size-thumbnail is-style-rounded\"><img loading=\"lazy\" decoding=\"async\" width=\"150\" height=\"150\" src=\"https:\/\/dev.iebl.de\/wp-content\/uploads\/2022\/06\/qgis_work_screen_1-150x150.png\" alt=\"\" class=\"wp-image-1083\"\/><\/figure>\n\n\n\n<h4 class=\"has-text-align-center wp-block-heading\">QGIS <\/h4>\n\n\n\n<p class=\"has-ast-global-color-8-color has-text-color\" style=\"font-size:16px\">Mit QGIS, einer Lizenfreien Geoinformationssoftware,<br>realisieren wir Ihre Planungen f\u00fcr den Breitbandausbau.<br>Basierend auf Shapes k\u00f6nnen  bestehende Planungen aus anderen GIS Programmen problemlos \u00fcbernommen werden.<\/p>\n<\/div>\n<\/div>\n<\/div><\/div>\n\n\n\n<div class=\"wp-block-columns is-layout-flex wp-container-core-columns-is-layout-28f84493 wp-block-columns-is-layout-flex\">\n<div class=\"wp-block-column is-layout-flow wp-block-column-is-layout-flow\"><\/div>\n\n\n\n<div class=\"wp-block-column is-layout-flow wp-block-column-is-layout-flow\">\n<figure class=\"wp-block-image size-large is-resized\"><img decoding=\"async\" src=\"https:\/\/dev.iebl.de\/wp-content\/uploads\/2022\/06\/arrow-right-blue-310613-edited-4-e1655194587681-1024x509.png\" alt=\"arrow, right, blue-310613.jpg\" class=\"wp-image-1110\" width=\"140\" srcset=\"https:\/\/dev.iebl.de\/wp-content\/uploads\/2022\/06\/arrow-right-blue-310613-edited-4-e1655194587681-1024x509.png 1024w, https:\/\/dev.iebl.de\/wp-content\/uploads\/2022\/06\/arrow-right-blue-310613-edited-4-e1655194587681-300x149.png 300w, https:\/\/dev.iebl.de\/wp-content\/uploads\/2022\/06\/arrow-right-blue-310613-edited-4-e1655194587681-768x382.png 768w, https:\/\/dev.iebl.de\/wp-content\/uploads\/2022\/06\/arrow-right-blue-310613-edited-4-e1655194587681.png 1280w\" sizes=\"(max-width: 1024px) 100vw, 1024px\" \/><\/figure>\n<\/div>\n\n\n\n<div class=\"wp-block-column is-layout-flow wp-block-column-is-layout-flow\"><\/div>\n\n\n\n<div class=\"wp-block-column is-layout-flow wp-block-column-is-layout-flow\">\n<figure class=\"wp-block-image size-large is-resized is-style-default\"><img loading=\"lazy\" decoding=\"async\" src=\"https:\/\/dev.iebl.de\/wp-content\/uploads\/2022\/06\/arrow-right-blue-310613-edited-4.png\" alt=\"arrow, right, blue-310613.jpg\" class=\"wp-image-1110\" width=\"140\" height=\"70\"\/><\/figure>\n<\/div>\n\n\n\n<div class=\"wp-block-column is-layout-flow wp-block-column-is-layout-flow\"><\/div>\n<\/div>\n\n\n\n<div class=\"wp-block-columns is-layout-flex wp-container-core-columns-is-layout-28f84493 wp-block-columns-is-layout-flex\">\n<div class=\"wp-block-column is-layout-flow wp-block-column-is-layout-flow\">\n<div class=\"wp-block-columns is-layout-flex wp-container-core-columns-is-layout-28f84493 wp-block-columns-is-layout-flex\">\n<div class=\"wp-block-column is-layout-flow wp-block-column-is-layout-flow\">\n<h5 class=\"has-text-align-center wp-block-heading\">Key Features<\/h5>\n\n\n\n<p class=\"has-text-align-left\">Niedrige Betriebskosten<br>Automatisches Anbinden von Geb\u00e4uden, Verteilern und POPs \u00fcber vorhandene Trassen<br>Individuelle Auswertungs- und Beschriftungsfunktionen<br>Bereits f\u00fcr kleine Projekte einsetzbar<\/p>\n<\/div>\n<\/div>\n<\/div>\n<\/div>\n\n\n\n<hr class=\"wp-block-separator has-alpha-channel-opacity is-style-wide\"\/>\n\n\n\n<h4 class=\"wp-block-heading\">Sprechen Sie uns an<\/h4>\n\n\n<div class=\"wpforms-container \" id=\"wpforms-952\"><form id=\"wpforms-form-952\" class=\"wpforms-validate wpforms-form\" data-formid=\"952\" method=\"post\" enctype=\"multipart\/form-data\" action=\"\/index.php\/wp-json\/wp\/v2\/pages\/1049\" data-token=\"d3d4d6123720f9f747a6e3cf87a82990\"><noscript class=\"wpforms-error-noscript\">Bitte aktiviere JavaScript in deinem Browser, um dieses Formular fertigzustellen.<\/noscript><div class=\"wpforms-field-container\"><div id=\"wpforms-952-field_0-container\" class=\"wpforms-field wpforms-field-name\" data-field-id=\"0\"><label class=\"wpforms-field-label wpforms-label-hide\" for=\"wpforms-952-field_0\">Name <span class=\"wpforms-required-label\">*<\/span><\/label><input type=\"text\" id=\"wpforms-952-field_0\" class=\"wpforms-field-large wpforms-field-required\" name=\"wpforms[fields][0]\" placeholder=\"Name\" required><\/div><div id=\"wpforms-952-field_1-container\" class=\"wpforms-field wpforms-field-email\" data-field-id=\"1\"><label class=\"wpforms-field-label wpforms-label-hide\" for=\"wpforms-952-field_1\">Email <span class=\"wpforms-required-label\">*<\/span><\/label><input type=\"email\" id=\"wpforms-952-field_1\" class=\"wpforms-field-large wpforms-field-required\" name=\"wpforms[fields][1]\" placeholder=\"Email\" required><\/div><div id=\"wpforms-952-field_3-container\" class=\"wpforms-field wpforms-field-text\" data-field-id=\"3\"><label class=\"wpforms-field-label wpforms-label-hide\" for=\"wpforms-952-field_3\">Betreff <span class=\"wpforms-required-label\">*<\/span><\/label><input type=\"text\" id=\"wpforms-952-field_3\" class=\"wpforms-field-large wpforms-field-required\" name=\"wpforms[fields][3]\" placeholder=\"Betreff\" required><\/div><div id=\"wpforms-952-field_2-container\" class=\"wpforms-field wpforms-field-textarea\" data-field-id=\"2\"><label class=\"wpforms-field-label wpforms-label-hide\" for=\"wpforms-952-field_2\">Ihre Nachricht <span class=\"wpforms-required-label\">*<\/span><\/label><textarea id=\"wpforms-952-field_2\" class=\"wpforms-field-medium wpforms-field-required\" name=\"wpforms[fields][2]\" placeholder=\"Message\" required><\/textarea><div class=\"wpforms-field-description\">Nachricht<\/div><\/div><\/div><div class=\"wpforms-field wpforms-field-hp\"><label for=\"wpforms-952-field-hp\" class=\"wpforms-field-label\">Name<\/label><input type=\"text\" name=\"wpforms[hp]\" id=\"wpforms-952-field-hp\" class=\"wpforms-field-medium\"><\/div><div class=\"wpforms-submit-container\"><input type=\"hidden\" name=\"wpforms[id]\" value=\"952\"><input type=\"hidden\" name=\"wpforms[author]\" value=\"2\"><button type=\"submit\" name=\"wpforms[submit]\" id=\"wpforms-submit-952\" class=\"wpforms-submit\" data-alt-text=\"Sending...\" data-submit-text=\"Nachricht absende\" aria-live=\"assertive\" value=\"wpforms-submit\">Nachricht absende<\/button><\/div><\/form><\/div>  <!-- .wpforms-container -->","protected":false},"excerpt":{"rendered":"<p>In den letzten Jahren hat es im Bereich Breitbandinternet eine rasante Entwicklung gegeben. F\u00fcr das t\u00e4gliche Leben, privat oder gewerblich, wird ein schneller Internetzugang immer wichtiger. Die Zukunft zeigt, dass es in diesem Bereich keinen Stillstand geben darf. Die Bundesregierung hatte als Ziel ausgegeben, das bis 2014 f\u00fcr 75 Prozent der Haushalte Anschl\u00fcsse mit \u00dcbertragungsraten &hellip;<\/p>\n<p class=\"read-more\"> <a class=\"\" href=\"https:\/\/dev.iebl.de\/index.php\/breitbandausbau\/\"> <span class=\"screen-reader-text\">Breitbandausbau<\/span> Weiterlesen &raquo;<\/a><\/p>\n","protected":false},"author":2,"featured_media":0,"parent":0,"menu_order":0,"comment_status":"closed","ping_status":"closed","template":"","meta":{"site-sidebar-layout":"default","site-content-layout":"plain-container","ast-global-header-display":"","ast-main-header-display":"","ast-hfb-above-header-display":"","ast-hfb-below-header-display":"","ast-hfb-mobile-header-display":"","site-post-title":"","ast-breadcrumbs-content":"","ast-featured-img":"","footer-sml-layout":"","theme-transparent-header-meta":"","adv-header-id-meta":"","stick-header-meta":"","header-above-stick-meta":"","header-main-stick-meta":"","header-below-stick-meta":"","footnotes":""},"class_list":["post-1049","page","type-page","status-publish","hentry"],"_links":{"self":[{"href":"https:\/\/dev.iebl.de\/index.php\/wp-json\/wp\/v2\/pages\/1049","targetHints":{"allow":["GET"]}}],"collection":[{"href":"https:\/\/dev.iebl.de\/index.php\/wp-json\/wp\/v2\/pages"}],"about":[{"href":"https:\/\/dev.iebl.de\/index.php\/wp-json\/wp\/v2\/types\/page"}],"author":[{"embeddable":true,"href":"https:\/\/dev.iebl.de\/index.php\/wp-json\/wp\/v2\/users\/2"}],"replies":[{"embeddable":true,"href":"https:\/\/dev.iebl.de\/index.php\/wp-json\/wp\/v2\/comments?post=1049"}],"version-history":[{"count":48,"href":"https:\/\/dev.iebl.de\/index.php\/wp-json\/wp\/v2\/pages\/1049\/revisions"}],"predecessor-version":[{"id":1820,"href":"https:\/\/dev.iebl.de\/index.php\/wp-json\/wp\/v2\/pages\/1049\/revisions\/1820"}],"wp:attachment":[{"href":"https:\/\/dev.iebl.de\/index.php\/wp-json\/wp\/v2\/media?parent=1049"}],"curies":[{"name":"wp","href":"https:\/\/api.w.org\/{rel}","templated":true}]}}